 - 22*l - 24. Let x(s) = -2*s**3 - 17*s**2 - 34*s - 17. Let v be x(-5). Calculate t(v).
-24
Let w = 338 + -336. Let r(m) be the second derivative of -m**2 + 0 + 1/3*m**4 + 1/6*m**3 + 3*m. Give r(w).
16
Let b = 6 - 2. Let w be 44 + (-7)/((-14)/b). Let c(h) = 2 + 45*h**3 + h**2 + 4 - w*h**3. Calculate c(0).
6
Suppose -2*p + 5*d = 1292 - 1300, 3*p + 5*d = -13. Let b(t) = 22*t**2 - 2*t. What is b(p)?
24
Suppose 0 = -5*n - 3*z + 89, 0 = 3*n - 5*z - 37 - 30. Let j(f) = -f**3 + 19*f**2 - 5*f + 96. Determine j(n).
1
Let h(o) = -o**2 - 10*o + 8. Let s(m) = -m**3 - 11*m**2 - 22*m - 1. Let x be s(-3). What is h(x)?
29
Let n(q) = -14*q**3 - 49*q**2 + 28*q - 31. Let h(l) = 5*l**3 + 18*l**2 - 9*l + 10. Let b(v) = -11*h(v) - 4*n(v). Determine b(4).
-6
Let p be 6/27 - (-332)/(-36). Let m be (-184)/(-12) - (-3)/p. Let a(b) = -3 + m + 3*b + 0*b - 4*b. Calculate a(0).
12
Let w = 27166 + -27161. Let y(g) be the third derivative of -g**4/24 - g**3/2 - g**2. Give y(w).
-8
Let v(j) = 7*j**3 + j**2 + j - 1. Let b = -17 - -18. Let s be v(b). Let z(x) = 3*x. Let l(u) = u - 1. Let k(o) = -4*l(o) + z(o). Determine k(s).
-4
Let p(v) = 5 - 15 + 2 + 6*v - 25 - 7*v. Give p(-24).
-9
Let h = 504 - 499. Suppose -2*s = -3*b + 7*b + 26, -3*b + h*s = 13. Let q(n) = n**2 + 9*n + 7. What is q(b)?
-11
Let d(q) = -1 + q**3 - q - 2*q - 4*q**2 - 2*q**3 + 2*q**3. Let a(y) = -4*y**2 + 6*y + 112. Let i be a(6). What is d(i)?
-13
Let s(f) = -8*f**2 - f + 2*f + 3*f**2. Let m be (0/2 - 1)*((-168)/24 + 6). Give s(m).
-4
Let h(m) = -64*m**2 - 37*m + 16. Let s(p) = 35*p**2 + 19*p - 8. Let g(n) = -6*h(n) - 11*s(n). Let u be 11 + (2/(-3))/((-2)/3). What is g(u)?
4
Let f(i) = -3*i + 6. Let p be ((-6)/(-8))/((60/208)/15). Suppose -67 + p = -7*k. Determine f(k).
-6
Let t(d) = 4*d. Let q be 145/(-29) + (2/1 - 1). Let n be (-5)/(-3 - q/8). Determine t(n).
8
Let u be (15/(-2) - 4)*2*-1. Suppose 0 = -n + u - 11. Let i(t) = t**2 + n*t**2 - 7*t**2 - t + t**3 - 6. Determine i(-6).
0
Suppose -5*l = 3*w, 5*w = w - 6*l + 8*l. Let q(x) = -x**3 + 2*x**2 + 3*x + 6. What is q(w)?
6
Let b(x) be the second derivative of -x**5/20 - 7*x**4/6 - 11*x**3/3 + 19*x**2/2 + 2004*x. Give b(-12).
-5
Let n(q) = 373*q - 168*q - 211*q + 36. What is n(7)?
-6
Let i(a) = 3 - 47522*a + 47510*a + 18. Determine i(7).
-63
Let g be ((-56)/12 - -3)/((-13)/(-39)). Let w(l) = l**3 + 5*l**2 + l + 2. Let b be w(g). Let a(o) = 3*o**2 + 2*o - 2. What is a(b)?
19
Let h(v) = -v**2 - 6*v + 14. Suppose -3*j - 342 = -4*j - 2*l, -327 = -j + 3*l. Let t = j - 344. What is h(t)?
-2
Let i(g) be the third derivative of -7*g**6/720 + 67*g**4/24 - g**3/6 + 67*g**2 + 1. Let m(n) be the second derivative of i(n). Determine m(-1).
7
Let a(x) = 6*x**2 - 1000*x + 479*x + 71 - 5*x**2 + 493*x. Determine a(25).
-4
Let m be -2*(3 + (-52)/16)*18. Let o(y) be the third derivative of y**6/120 - y**5/6 + 3*y**4/8 - 5*y**3/6 + 23*y**2. Calculate o(m).
-5
Let q(t) = 10*t**3 - 3*t**3 - 14*t**3 + 9*t + 7 + 0*t**3 + 11*t**2. Let k(r) = 5*r**3 - 8*r**2 - 8*r - 6. Let z(b) = -3*k(b) - 2*q(b). What is z(4)?
-4
Let i(u) be the first derivative of -5 - 12 + 20 + u - u**2. Suppose 8*q - 4*q + 15 = -n, -n = 2*q + 9. Give i(n).
7
Let t(w) = -w**3 + 7*w**2 - 7*w + 4. Let i(d) be the second derivative of -d**3/3 + 7*d**2 - 19*d. Let u be i(8). Let v be (3/u)/((-7)/28). What is t(v)?
-2
Let l(o) = 212*o - 231 + 237*o - 474*o. Calculate l(-9).
-6
Let j(n) = 5*n - 16*n**2 + 107 + 0*n**2 - 14*n + n**3 - 89 + 46*n. Determine j(13).
-8
Suppose -8859*r - 23 = -8871*r + 25. Let m(h) be the first derivative of 2*h + 1/3*h**3 - 2*h**2 - 2. Determine m(r).
2
Let m(h) = -5 + 2166*h**2 - 2*h - 4331*h**2 + 2167*h**2. Give m(5).
35
Let u(v) be the first derivative of 0*v**2 - 182 + v**2 + 134 + 5*v. What is u(-6)?
-7
Let o(y) = 97*y - 3582. Let g be o(37). Let u(n) = -n**3 + n**2 - 4*n + 7. Let h(r) = -2*r**3 + r**2 - 9*r + 14. Let j(k) = 6*h(k) - 13*u(k). What is j(g)?
-21
Suppose -21 = 3*a + 5*z, 5*a - 2*z + 11 + 55 = 0. Let h be (a + 121/11)*2*3. Let x(y) = -y**2 - 7*y - 1. Determine x(h).
5
Let x(w) = -w**2 + 5*w - 4. Let r be x(3). Let a(g) = 34*g**r - 8*g**2 - 12*g**2. Give a(-1).
14
Let o(f) = -31*f - 5 - 29*f - 79*f + 137*f - f**3 - 7*f**2. Determine o(-3).
-35
Let c(n) = -4*n**3 + 9*n**2 - 3*n - 7. Let y(z) = -45*z - 6*z**3 + 40*z - 13 + 17*z**2 - z**3. Let k be -1 - 5*4/10. Let s(u) = k*y(u) + 5*c(u). What is s(6)?
4
Let k(t) = -3*t + 6. Let m be 2*(1 + 4 + -7) + -327. Let l = m + 335. What is k(l)?
-6
Let p(m) = m**3 + 24*m**2 - 39*m - 355. Let i be p(-25). Let b(y) = -y**3 - 2*y**2 - y - 36. Determine b(i).
44
Let w(a) be the third derivative of -a**6/120 - a**5/12 + 2*a**4/3 + 5*a**3/3 + 6298*a**2 - 2*a - 1. Determine w(-7).
-4
Let b(h) be the third derivative of h**6/120 - 8*h**5/15 - 145*h**4/24 + 13*h**3/3 - 145*h**2 - 7*h. Calculate b(36).
-10
Let i(a) = -87 + a - 52 - 77 - 57 + 306. Give i(-18).
15
Let j be (-85)/(-765) - -49*4/18. Let t be (-6)/j - (-2548)/(-572). Let z(h) = h. Calculate z(t).
-5
Let k = 209 + -207. Let f(l) = 9 + 3*l**2 + l**3 - 13*l**2 + l**2 + 12*l - 4*l**k. Give f(12).
9
Let b(n) = -n**2. Let z be (16 + -2)*(-50)/(-35). Suppose 14*s - 16*s - z = 0. Let k(x) = -x**3 - 11*x**2 - 10*x - 1. Let j be k(s). Give b(j).
-1
Suppose 0 = 4*v + f + 1, -5*v + 4 + 3 = -7*f. Let c(y) = -7 + 8 + 1 + 27*y + v - 32*y. Suppose -5*l = -4*a - 5, -l + 0*l = -4*a + 15. Give c(a).
-23
Let a(f) = -f**2 + 2 + 16*f + 1 + 4. Suppose s - 71 = -5*m, -s - 3118*m + 5 = -3119*m. Determine a(s).
7
Let q(d) = 3*d + 13. Let p be q(-4). Let a = 2 + p. Let g(z) = 2*z**2 + 5 - z**2 + 2*z**3 + 2*z**2 - z**a. Calculate g(-4).
-11
Let s(r) = -5*r**2 + 16*r + 31. Let b(z) = -8*z**2 + 18*z + 32. Let j(i) = -2*b(i) + 3*s(i). Determine j(-6).
-7
Let y(g) = 12*g**3 - 7*g**2 + 6*g. Let l(m) = -11*m + 15*m**2 - 4*m + 2*m - 25*m**3 + 0*m. Suppose -13 = -2*s - 1. Let k(z) = s*l(z) + 13*y(z). Give k(-1).
-7
Let s(z) = -z**2 - 34*z + 70. Let g be (1 - 0)*(-1800)/50. Determine s(g).
-2
Let r(g) = 12*g - 2. Suppose 2*w + 6 = -4*y, -3 = 2*w - 0*w + 3*y. Suppose 0 = -2*k + 3 + w. Give r(k).
34
Let k(a) = a**2 - 180*a - 1503. Let s be k(188). Let p(l) = -21*l**3 - l**2 + l + 1. Determine p(s).
-20
Let z(a) = a**3 + 0*a**3 - 40*a**2 - 583 + 0*a**3 + 173 + 267 + 80*a. Give z(38).
9
Let f(s) be the second derivative of 0 + 2*s**2 - 25*s + 1/20*s**5 + 1/2*s**4 + 1/3*s**3. Calculate f(-3).
25
Let u(c) = -c**3 + c**2 + 2*c. Let x(r) = -2*r**3 + 2*r**2 + 3*r. Let n(b) = -3*u(b) + 2*x(b). Suppose 2*i = 460 - 466. What is n(i)?
36
Let v(r) = 2*r**2 - 3*r + 16. Let c(u) = -971*u + 5. Let m be c(0). What is v(m)?
51
Suppose -4*v - 6*b = -3*b + 11, 0 = -4*v - 5*b - 21. Let y(z) = v + 2 - 2 - 3*z**2 - 2*z - 4*z**3 + 5*z**2. Calculate y(1).
-3
Let y(p) = -p + 2. Suppose 4*b - 15 = 1. Suppose -3*m + 4*a - 8*a = -49, -4*a = m - 27. Suppose -b*i + 0*i - 10 = x, x - m = 3*i. Calculate y(x).
0
Let o(r) be the first derivative of -r**4/24 + r**3/3 + 81*r**2/2 + 144. Let n(d) be the second derivative of o(d). Determine n(1).
1
Let v(q) be the first derivative of 4*q + 1 + 7/2*q**2 - 1/3*q**3. Let o = 31 + -26. Give v(o).
14
Let f(p) = -3*p**2 + 28*p + 3. Let a(x) = x**2 - 7*x. Let v(k) = -4*a(k) - f(k). Calculate v(5).
-28
Let l = -8161 - -8197. Let r(v) be the second derivative of 2*v**2 - l*v + 1/6*v**3 + 0. Give r(-3).
1
Let m(t) = -t**2 + 58*t - 582. Let j be ((-13)/(-4))/(134/536). What is m(j)?
3
Let j(x) be the second derivative of -x**4/12 + 5*x**3/6 - x**2 - x. Let b(m) = -5*m + 22. Let g be b(5). Let q be g/(5 + -8)*4. Calculate j(q).
2
Let p(v) = 0 - 8 - v + 1 + 8. Suppose -o - 4 = -0*o. What is p(o)?
5
Let z(s) = 8 + 85*s + 15*s + 0 - 33*s - 22*s. What is z(-3)?
-127
Let w(i) be the third derivative of 0 + 7/24*i**4 - 1/60*i**5 + 17/6*i**3 - 82*i**2 + 0*i. What is w(9)?
-1
Let d(q) be the second derivative of 1/6*q**3 + 0 - 6*q**2 + 5*q. Let c(v) = 11. Let z(w) = -5*c(w) - 4*d(w). What is z(-6)?
17
Let a(c) be the third derivative of -c**6/30 + c**4/24 + 2*c**2 + 15. Suppose 8*k = 3*k - 185. Let g = k - -38. Give a(g).
-3
Suppose 0 = -m - 2, -5*l + 4*l + 26 = -m. Suppose t - 5*p = 17, -t + 2*p - 19 + l = 0. Let g(u) = 0 - 1 + u**3 + 2*u - 4*u + 3*u**2. Give g(t).
5
Let q(v) = v**2 - 6*v + 1. Let b(z) = 61 + 9 + 19 - 7*z 